 s(-4). Suppose -56 = -3*l + a. What is the units digit of l?
2
Suppose -5*r - 48 + 198 = 0. What is the units digit of r?
0
Let s = 6 + -2. Let u = -22 - -22. Suppose u*k + k - 4*f + 1 = 0, -2*k - s*f = -22. What is the units digit of k?
7
What is the hundreds digit of 1/(0 + (-1)/(-233))?
2
Suppose -m + 12 = 3*m. Suppose x + m - 24 = -2*p, -5*p = 4*x - 48. What is the tens digit of p?
1
Let s = 2 - -6. What is the units digit of 4/s*(1 - -25)?
3
Let z = 84 - 35. What is the units digit of z?
9
Let h(p) = 23*p. What is the units digit of h(1)?
3
Let o(t) = t**3 + 4*t**2 - 8*t - 3. Let g be o(-5). Let b = g + -8. Suppose 1 = -b*y + 21. What is the units digit of y?
5
Let t be 1/((-1*2)/(-6)). Suppose -t*h + 4*h = 9. Let j = h + -4. What is the units digit of j?
5
Let y = -6 - -25. What is the tens digit of y?
1
Suppose -3*g - g = -3*n + 84, 3*g + 63 = 3*n. Let o = g + 30. Suppose 3 = -2*y + 3*l - 0, 2*y = 5*l - o. What is the units digit of y?
3
Let k(g) = -g + 8. Let w be k(6). Let c be 8/2 - w - -3. What is the units digit of (5 - 3)*c/2?
5
Let o(d) = -3*d + 191. What is the units digit of o(0)?
1
Suppose 0 = 5*l - 272 - 1408. What is the tens digit of l?
3
Let u be -4 - -5 - (-12)/2. Suppose 0 = 5*g - 122 + u. What is the units digit of g?
3
Let v(l) = -5*l + 1. Let f(k) = 21*k - 3. Let t = -3 - -1. Let x(w) = t*f(w) - 9*v(w). What is the units digit of x(4)?
9
Let n(d) = d**2 - 6*d - 11. Let c be n(8). Suppose 0 = 3*b - 2*s - 5 - 2, 10 = -2*b + c*s. What is the units digit of b?
5
Let j(h) be the first derivative of -h**3/3 - 9*h**2/2 + 12*h - 7. Suppose 3*i - 3 = -d - 1, 5*d = -i - 46. What is the units digit of j(d)?
2
Suppose 88 = 6*m - 374. What is the tens digit of m?
7
What is the hundreds digit of 60/(-8)*(-104)/3?
2
What is the hundreds digit of 105 + (3/(-1))/(-9 + 6)?
1
Let v(g) = g + 42. What is the units digit of v(-10)?
2
Let z = -101 + 179. What is the units digit of z?
8
Suppose 2*j - 2*v = 326, 0 = 4*j + 3*v - 94 - 593. What is the tens digit of j?
6
Let t(a) be the first derivative of 3/2*a**2 - 7*a - 4. What is the units digit of t(5)?
8
Suppose 0 = -3*b - 4 + 25. Suppose r = d - 2*r - 31, -d + b = 3*r. What is the tens digit of d?
1
Let t(f) = -2*f - 7. Let s be t(-5). Let v be 1*(1*-2 + s). Suppose 2*o = o - g + v, -2*o - g + 4 = 0. What is the units digit of o?
3
Let w(x) = x**2 + 2*x - 2. Let f(p) = -p**3 - 8*p**2 - 8*p - 4. Let v be f(-7). What is the tens digit of w(v)?
1
Let y(r) = -r**2 + 25*r + 10. What is the hundreds digit of y(14)?
1
Let w = 16 + -28. What is the units digit of (4/w)/((-1)/27)?
9
Let y be ((-15)/(-4))/(2/64). Suppose -k = 4*k - y. Suppose -5 = 3*g + 2*s, 0*g + 5*s + k = 4*g. What is the units digit of g?
1
Let n(q) = -13*q + 7*q + 1 + 3*q. Suppose -3 = -s, 5*t = -0*t + 2*s - 21. What is the tens digit of n(t)?
1
Let o(y) = -y**3 + 4*y**2 + 6*y. Let w be o(5). Suppose -w*u - 27 = -82. What is the units digit of u?
1
Suppose 2*d - 46 = 14. What is the tens digit of 12/32*4*d?
4
Let b be 1 + 1 + -9 - -3. What is the tens digit of (-1)/b - (-581)/28?
2
Suppose 0 + 9 = a. Suppose 2*z = q - a, 4*q + z = -q + 78. What is the tens digit of q?
1
Let z(h) = -h**3 + 11*h**2 - 4*h + 1. What is the tens digit of z(10)?
6
Suppose -4*f + n = -n + 20, 5*f + 3 = -3*n. Let c = 4 - f. What is the units digit of c?
7
Suppose 0*u - 2 = -2*u. Suppose -4*d = -7 - u. What is the units digit of ((-16)/d*-1)/2?
4
Let k(r) = r**3 + 5*r**2 - 5*r - 4. What is the units digit of k(-5)?
1
Let l(t) = -t**2 + 16*t - 32. What is the tens digit of l(11)?
2
Suppose 6*v - 44 = 2*v. Suppose o = 2*o - v. What is the tens digit of o?
1
Suppose -2*i - g - 2*g = 21, 2*g + 19 = -3*i. Let p be i*(15/(-9))/(-5). What is the units digit of (-9 - -8)/(p/3)?
3
Suppose 0*g = -4*g + 2*a + 70, a + 86 = 5*g. Suppose 70 = 3*x - g. Suppose x = 4*l + y, l + 0*y - 5 = 2*y. What is the units digit of l?
7
Suppose b - 19 = -3. Let c be (-68)/b + 1/4. What is the units digit of (2/c)/((-3)/42)?
7
Suppose 3*a + 12 = 0, 4*h + 16 = 8*h - 3*a. Suppose 7 = u - h. What is the units digit of u?
8
Suppose -5*t + 260 = 4*o, t = -0*o + o + 61. What is the tens digit of t?
5
Let q = -55 - -108. Let y = -22 + q. What is the units digit of y?
1
Let j(b) = b**3 - 7*b**2 - 7*b + 9. Let o be j(6). What is the units digit of o*1/6*-4?
6
Suppose 0*o + 2*o = -32. Let l = o - -24. What is the units digit of l?
8
Let k be (2/5)/(1/10). Suppose 7*p - 2*p = k*v - 45, -20 = v + 5*p. What is the units digit of v?
5
Let j(m) = -3 - 3 + 5 - 4*m + 2. Let r be j(-1). Suppose -d - 40 = -5*d + r*p, -2*d + 5*p = -20. What is the units digit of d?
0
Let j be ((-4)/(-6))/(6/153). Suppose -j + 95 = -3*g. What is the tens digit of (g/4)/(1/(-2))?
1
Let k(r) = r**2 - 6*r + 8. Suppose 2*b = -3*b + 35. Let q be k(b). Suppose 2*i = 4*l - 12, -q = l - 0*l + 4*i. What is the units digit of l?
1
Let v = 82 - -8. What is the units digit of v?
0
Suppose o + 71 = 5*u, 2*u - 4*o = -2*o + 30. What is the tens digit of u?
1
Suppose 6 = c - 5*n, c - 2*n + 1 = 7. Suppose 2*i = c - 0, 4*i - 22 = -q. What is the tens digit of q?
1
Let d be (-4)/(1 - 15/9). Suppose -3*f = -d*f + 30. What is the units digit of (-12)/10*(-25)/f?
3
Let f = 4 - 4. Suppose 0 = -2*w + 2*r + 3*r - 23, 4*w + 2*r - 14 = f. What is the units digit of w?
1
Let v(i) = -i + 2. Let o be v(5). Let s(b) = b**2 - 5*b - 4. What is the tens digit of s(o)?
2
Suppose -4*i - 2*v + 12 = 0, 0 = 5*i + 3*v + 1 - 16. Suppose -2*k + 3*z - 24 = 0, -2*k - i*z + 2*z = 24. Let m = k - -18. What is the units digit of m?
6
Let g(v) = v - 15. Let m(k) = 2*k - 31. Let p(i) = -13*g(i) + 6*m(i). Let w be p(8). What is the units digit of 9 - (0/w - -2)?
7
Let f(n) = n**3 - 4*n**2 - 3*n - 5. Suppose -9 + 0 = -3*p. Suppose -10 = -p*l + 5. What is the units digit of f(l)?
5
Suppose -3*y = 2*y - 180. Let w be y/10 - 4/(-10). Suppose 3*o - 22 = -w. What is the units digit of o?
6
Let b = 58 + -30. Let q = -6 + b. What is the units digit of q?
2
Let i = -5 + 7. Let j be (0 - i)*15/6. Let o = -2 - j. What is the units digit of o?
3
Let g(s) be the third derivative of s**2 + 0 - 13/6*s**3 + 0*s - 1/12*s**4. What is the units digit of g(-11)?
9
Let y(i) = 4*i + 11. What is the units digit of y(5)?
1
Let q be -2 + 7 + -2 + 31. Suppose 0*w - 2*w = -q. What is the tens digit of w?
1
Let u be (14/(-6))/((-1)/(-6)). What is the units digit of ((-7)/(-14))/((-1)/u)?
7
Let a be (-39)/(7/(-2) + 2). Suppose -k = k - a. What is the units digit of k?
3
Suppose z - 174 = -3*q + 2*q, 2*q - 5*z = 313. What is the hundreds digit of q?
1
Suppose -2*d + 5*d - 24 = 0. Suppose -8*y = -5*o - 5*y + 1, 2*y - d = -o. What is the units digit of o?
2
Let t(d) = 4*d + 11. Let k be t(-12). What is the units digit of 9/(0 + -3) - k?
4
Let b(y) = -y**2 + 9*y + 2. Let d = -1 - 5. Let i = d + 13. What is the units digit of b(i)?
6
Suppose 2*o + 5*z = 25, 0*z - z - 49 = -5*o. What is the tens digit of o?
1
Let t(x) = x + 29. What is the units digit of t(12)?
1
Let c = 18 + -17. Let x = 13 - 7. Let a = x - c. What is the units digit of a?
5
Let t = 112 + -61. What is the tens digit of t?
5
Suppose 2*q - 10 = -3*x, -4*q - q + 16 = 3*x. What is the units digit of q?
2
Let j = -2 + 9. Suppose 2*h - 10 = -2*f, 3*f - 2*h - 7 = -j*h. What is the units digit of f?
9
Let l = 165 - 81. What is the tens digit of l?
8
Let i = 5 + -3. Suppose -4*p + 8 = 0, -4*k - p = i*p - 34. What is the units digit of k?
7
Let l(d) = -d**3 + 5*d**2 + 3*d. Let n be l(4). Suppose -8 = -4*t + n. What is the units digit of t?
9
Let u(z) = 3*z**3 - 3 - 4*z - z**3 + 5*z**2 - z**3 + 0*z**3. What is the units digit of u(-4)?
9
Let p = 7 - 4. Suppose -p*t + 13 = -14. Let h = 17 - t. What is the units digit of h?
8
Let q(i) = 3*i**2 + 1 + 5*i + i**3 - 4 + 4*i**2. Let a be q(-6). What is the units digit of a/3*-1 + 5?
4
Suppose 5*n + 12 - 52 = 0. Let d = 13 + n. What is the tens digit of d?
2
What is the units digit of (4/(-16) + 0)*-4?
1
Let t(w) = 3*w**3 - w**2. Let i = -5 + 6. Let r be t(i). Suppose -r*d - 2 = 0, 16 = 3*s + d + d. What is the units digit of s?
6
Let b = -94 - -139. What is the units digit of b?
5
Suppose z - 5 = -4*z, 0 = -4*o - 2*z + 430. What is the hundreds digit of o?
1
Let x = -58 + 86. What is the tens digi